4. What is the thousands digit of z(-15)?
3
Let j(s) be the third derivative of 0 + 1/8*s**6 + 0*s - 1/60*s**5 + 23*s**2 + 1/24*s**4 - 1/6*s**3. What is the tens digit of j(2)?
1
Let t = 18 + 309. Suppose v - 4*j = t, -2*v = -0*v - 4*j - 638. What is the units digit of v?
1
Let w(r) = r - 1. Let b be w(6). Let p = -480 + -62. What is the hundreds digit of b/(-2) - -1 - p/4?
1
Let x be (-63)/9 - -67 - 6. Let t = x + 15. What is the tens digit of t?
6
Suppose -10*x - 244 = -13*x + 5*b, 2*b = 8. Suppose -8007 = 71*o - x*o. What is the units digit of o?
1
Let j be -965 + -1 - (-1 + -1). Suppose 107 = -2*p + 3*g - 1229, 3*p + 2072 = -4*g. Let o = p - j. What is the units digit of o?
4
What is the hundreds digit of ((-3)/((-6)/(-10198)))/(14/(-84))?
5
What is the units digit of (-49)/35 - 14806932/(-255)?
5
Let x(v) = 6*v + 16. Suppose -53*w = -51*w + 14. Let k be x(w). What is the units digit of 8/(-52) - 836/k?
2
Let b(q) = 141*q - 699. What is the tens digit of b(12)?
9
Suppose -10*y = -11*y - 55. Let x = -55 - y. Suppose n - 4*d - 69 = x, 2 = -2*d + 4. What is the units digit of n?
3
Suppose 0 = -11*q + 6*q + 55. Let j(c) = c**3 - 15*c**2 + 18*c. Let p be j(14). Let o = p + q. What is the tens digit of o?
6
Let i(y) = 34*y**3 + 2*y - 10. Let c be i(3). Let x = c - 514. What is the hundreds digit of x?
4
Let t(l) be the third derivative of 23*l**4/24 - 5*l**3/6 + 9*l**2. What is the hundreds digit of t(20)?
4
Let o(b) = -8*b**3 + 24*b**2 - 27*b + 104. Let w(z) = -4*z**3 + 12*z**2 - 13*z + 53. Let t(j) = 2*o(j) - 5*w(j). What is the hundreds digit of t(8)?
3
Let f = -567 + 569. What is the units digit of 24662/55 + -8 + f/(-5)?
0
Suppose 63 = b + q, -26 = -4*q - 6. Let s = 136 - b. Let j = 105 - s. What is the tens digit of j?
2
Let i be (7 - (7 + -1)) + 6677*1. Suppose -i = -18*g + 9*g. What is the tens digit of g?
4
Let n(d) = 15*d + 4. Let f(b) = 30*b + 9. Let r(x) = -5*f(x) + 9*n(x). Let o(g) = -g**2 - g - 2. Let w be o(-2). What is the tens digit of r(w)?
5
Suppose -46*l + 17813 = -45*l - 2*i, 10*l = 5*i + 178160. What is the ten thousands digit of l?
1
Let d = -46232 - -90285. What is the ten thousands digit of d?
4
Suppose 67*j - 431194 = 1245996 - 488610. What is the ten thousands digit of j?
1
Suppose -24*b = -14*b + 20. Let n(m) = 20*m**2 - 6*m - 16. What is the tens digit of n(b)?
7
Let a be (-179395)/50 + 4/(-40). What is the tens digit of (-1)/2*a/6?
9
Let c(g) be the second derivative of -g**5/10 - 7*g**4/12 + 5*g**3/6 + 7*g**2/2 - 22*g. Let x be c(-4). Suppose -j + x*j - 30 = 0. What is the units digit of j?
5
Let n(y) = 3*y**2 + 9*y - 9. Let u = 28 + -10. Suppose -2*x - u = 2*s, -5*s - 4*x + 2 = 46. What is the hundreds digit of n(s)?
1
Let m(a) = -a**2 + a - 2. Let k(x) = 2*x**2 + 5*x + 506. Let t(g) = k(g) + 3*m(g). What is the tens digit of t(0)?
0
Let j(g) = -g**2 - 10*g + 1. Let d be j(-7). Let q = d - 18. Suppose -6*v - q*v = -990. What is the units digit of v?
9
Let a(d) = d + d**2 + 6 - 11*d - 26. Suppose 3*j - 6*b - 60 = 0, 5*j - b - 93 + 29 = 0. What is the units digit of a(j)?
4
Suppose -3*w + 1299 = -2496. Let z = w + -526. What is the hundreds digit of z?
7
Let n(p) be the second derivative of p**5/20 + 17*p**4/12 + 11*p**3/6 - 5*p**2 - 6*p + 5. What is the tens digit of n(-11)?
9
Let h(p) = 2*p**2 + 6*p - 84. Let c(t) = -3*t**2 - 6*t + 83. Let a(n) = -4*c(n) - 3*h(n). What is the units digit of a(11)?
2
What is the hundreds digit of (-294018)/(-28) + (-3)/6 - 78/546?
5
What is the units digit of 7203 + (6 - (-3)/((-24)/56))?
2
Let z = 36 + -31. Suppose -z*k = -2*j + 15, -k - 9 = -5*j + 17. Suppose j*y - 482 = -87. What is the units digit of y?
9
Let g(b) be the first derivative of 21*b**4/2 - 2*b**3/3 - 78. What is the units digit of g(2)?
8
Suppose 53459 + 892 + 162096 = 33*d. What is the tens digit of d?
5
Let m(f) = f**3 + 19*f**2 + 18*f. Let u be m(-18). Suppose 3*y + 961 = 2*x + 17, 3*x - 1417 = 4*y. Suppose u*h + 5*h = x. What is the tens digit of h?
9
Suppose -c - 2*i + 8 = 2*i, -4*c + 43 = 5*i. Suppose 13*h - 357 = c*h. What is the units digit of h?
7
Suppose 0 = -93*s - 3*s + 141815 + 487081. What is the thousands digit of s?
6
Let s(h) = 5*h - 14. Let l be s(3). Let b be 10/2 + l + 2 + 1. Suppose -b*u + 711 = -72. What is the units digit of u?
7
Suppose 7008 - 53608 = -8*y. What is the hundreds digit of y?
8
Let k(j) = 2*j**2 - 9*j - 3. Suppose 5*f - 35 = -2*f. Let t be k(f). What is the tens digit of -2 + -2 + (130 - 2/t)?
2
Let c = 14 + -3. Suppose -c*v - 572 = -5005. What is the units digit of v?
3
Suppose -64 = -5*t - 2*z + z, 2*z + 40 = 4*t. Suppose -t*x = -22*x + 430. What is the units digit of x?
3
Suppose 0 = -12*g + 226*g + 1123189 - 5578669. What is the units digit of g?
0
Let u(d) = -d**3 + 2*d. Let g be u(0). Suppose -6*n - 1831 + 6295 = g. Suppose -12*i + 0*i = -n. What is the tens digit of i?
6
Suppose x + i - 6099 = 1305, -i - 29611 = -4*x. What is the units digit of x?
3
Let l(x) = -x**2 - 33*x + 84. Let a be l(-35). Suppose 969 + 795 = a*k. What is the hundreds digit of k?
1
Let o = 934 + 2296. What is the units digit of o?
0
Let s be (21/(-4) + 0)*(131 - 127). What is the hundreds digit of (-1 - 1629/(-6))*(23 + s)?
5
Suppose 3*p - 2 = 3*k + 7, 4*p - 2*k - 10 = 0. Suppose -5*q - p*z = -1475, -2*q + 123 + 456 = 3*z. Let s = q + -103. What is the tens digit of s?
9
Let g = -68 + 68. Suppose -3*n + 104 + 166 = g. What is the units digit of n?
0
Let s be (-31 - 0) + (0 - 0) - -3. Let y = s - -208. What is the hundreds digit of y?
1
Let a(v) = -v**3 + 11*v**2 + 13*v - 13. Let r be a(12). Let w be (-9)/(-3) + 1300 - r. Suppose w = d + 7*d. What is the units digit of d?
3
Let q = 14852 + -13845. What is the tens digit of q?
0
Let z(r) = -29*r - 60. Let k be z(-10). Let y = 432 - k. What is the units digit of y?
2
Suppose 0 = 8*i - 36 - 20. Suppose i*d - 5*d + 4 = 0. What is the tens digit of 4/8*(-652)/d?
6
Suppose -g = -3*g + 94. Let c = g + -43. Suppose -4*w = -2*m + 6, m - 12 = -3*m - c*w. What is the units digit of m?
3
Let k(z) = -z**3 + 21*z**2 + 25*z - 42. Let u be k(22). Let t be u/(-60) + 23764/10. Suppose 13*g - 2*g = t. What is the units digit of g?
6
Suppose -4*g + 187 + 4993 = 2*u, 1292 = g + 2*u. What is the units digit of g?
6
Let f(j) = 366*j**2 - 669*j - 5. What is the thousands digit of f(-14)?
1
What is the ten thousands digit of 900*11/(-44)*8*(-23 - 1)?
4
Suppose 4*v = -4*o + 7484, -10*o + 7509 = -6*o - v. Suppose 1870*r = o*r - 7104. What is the units digit of r?
4
Let g = 33294 + -888. What is the units digit of g?
6
Let y(w) = -16*w - 4. Suppose 4*a = -5*d - 148, -83 = 4*a + d + 81. Let l = a - -36. What is the units digit of y(l)?
2
Suppose -5 = -f, -7*i - 3005 = -2*i - 3*f. Let l = i - -1040. What is the hundreds digit of l?
4
Suppose 5*d = -3*b + 6 + 12, -3*b + d = 0. Suppose 0 = y + 4*u - 5 - b, -5*u - 12 = -2*y. Suppose 0 = y*f - 2*f - 424. What is the hundreds digit of f?
1
Let j(k) = 3*k**2 - 20*k - 18. Let l be j(-9). Suppose 4*n - 109 = c - l, -3*c + 4*n = -912. What is the tens digit of c?
0
Suppose -2*k + 371203 = 3*k + 14*k. What is the hundreds digit of k?
5
Let p be (28/6)/((-6)/(-9) - 0). Suppose p*v - 3*v - 373 = -5*q, 464 = 5*v + 4*q. Let b = -33 + v. What is the tens digit of b?
5
Let a(p) = 8*p - 8. Let t be a(1). Suppose -4*n - b + 126 = 42, -2*b = t. What is the units digit of n?
1
Let t(r) = -4*r**3 - 169*r**2 - 235*r - 164. Let c(n) = n**3 + 42*n**2 + 59*n + 41. Let f(u) = 9*c(u) + 2*t(u). What is the hundreds digit of f(-38)?
6
Let g = 3463 - 2394. Suppose g - 188 = v. What is the tens digit of v?
8
Let i(l) = 100*l + 4571. What is the thousands digit of i(14)?
5
Suppose 5*r - 218500 = -5*g, 1736*g = -r + 1734*g + 43697. What is the hundreds digit of r?
7
Suppose 2953 = 5*w + 3*p - 0*p, 0 = p - 1. Suppose 3*i - 255 - 70 = -4*h, 5*i - w = 3*h. What is the units digit of (-704)/(-6) + -7 + i/15?
8
Let o(y) be the second derivative of -1/2*y**2 - 28/3*y**3 + 0 - 27*y. What is the hundreds digit of o(-2)?
1
Let k(l) = -2 + 17*l**2 + 16*l**2 - 10*l**3 + 20*l**2 - 57*l**2 - 2*l. What is the units digit of k(-5)?
8
Suppose 0*n - 2*n + 4*f = -30, 3*n - 40 = 5*f. Suppose 2175 = n*b + 5*l, -4*l + 864 = 2*b - 0*l. Suppose 7*t - b - 10 = 0. What is the tens